 be (0 - 8)*1/(-2). Let s be ((-22)/44)/((-3)/5466). Suppose c + 4*c - s = 3*d, i*c = 3*d + 730. List the prime factors of c.
181
Suppose -5*l + 71504 = m, -14956 = -2*l + 5*m + 13651. List the prime factors of l.
3, 7, 227
Let l(q) = -q**2 + 20*q + 74. Let w be l(23). Suppose 386 = 4*z + 2*h, w*h - 4*h + 5 = 0. List the prime factors of z.
3, 11
Let k(h) = -4931*h**2 - 14*h + 1 - 2*h**3 + 14 + 4921*h**2. What are the prime factors of k(-8)?
7, 73
Let a(d) = 15 - 224*d - d**2 + 105*d + 108*d. Let j be a(-12). Suppose -5*q - j*c + 240 = -4*c, 4*c = 3*q - 144. What are the prime factors of q?
2, 3
Let a(i) = -3772*i**3 - 13*i**2 - 10*i + 2. What are the prime factors of a(-1)?
3, 419
Suppose 19 = -8*w + 11. Let b be 3*w - (-1 + (4 - -3)). List the prime factors of (120/b)/4*(-2 - 31).
2, 5, 11
List the prime factors of 962/(-74) - (-7449 + -1).
3, 37, 67
Suppose -3*t - 9 = 18. What are the prime factors of ((-3)/t)/(2/1158)?
193
Let k = 4068 + 2464. What are the prime factors of k?
2, 23, 71
Let l(p) = 187*p - 4 - 91*p - 90*p + 298*p**2. What are the prime factors of l(1)?
2, 3, 5
Suppose q - 84 = -5*n, -5*n + 60 = -2*n + 3*q. Let g = -12 + n. Suppose 8 = 4*i, -g*i = 3*p - i - 372. What are the prime factors of p?
2, 61
Suppose -29 = 6*a - 23, -3*a = 2*v - 1. Let z = -488 - -715. Suppose 219 = v*m + 3*u, 2*m = 4*m - 5*u - z. List the prime factors of m.
3, 37
Suppose 0 = -34*r + 11*r + 805. Suppose r*v = 39*v - 776. List the prime factors of v.
2, 97
Let l = -61 + -85. Let x = 415 + l. What are the prime factors of x?
269
Suppose 0 = 4*j - 0*j - 3*y - 3134, 0 = 5*j + 2*y - 3906. Let k = -430 + j. What are the prime factors of k?
2, 11
Let i(y) = 919*y**2 + 212*y + 64. List the prime factors of i(-8).
2, 1787
Let w be 2/(4 + -3) + 1. Let g be 3/(48/(-2764)) + w/(-12). Let d = -105 - g. List the prime factors of d.
2, 17
Let t(b) = 2*b**3 - 53*b**2 + 63*b + 174. List the prime factors of t(30).
2, 3, 17, 41
Let m = 6 + -1. Suppose -m*c + c + 4*z = -180, 4*c = 3*z + 183. Suppose 0*l - l = -c. List the prime factors of l.
2, 3
Let f(z) = 2469*z - 7. List the prime factors of f(6).
13, 17, 67
Let j be 2/1 - (-8 - -16). Let t = -50 + j. Let b = t - -122. What are the prime factors of b?
2, 3, 11
List the prime factors of 416/1 + 588/(-42).
2, 3, 67
Let j be (-5)/15 + 8/(-3) - 97. Let h be j/15 + 3/(-9) + 4. What are the prime factors of 248/(-10)*(-8 - h)?
2, 31
Suppose -312*u - 1577976 = 168*u - 20474616. What are the prime factors of u?
2, 7, 19, 37
Let c = -20421 - -29087. What are the prime factors of c?
2, 7, 619
Suppose 16*a - 15 = 13*a. Let w(b) be the second derivative of b**4/12 + 7*b**3/6 + b**2 + 10*b. What are the prime factors of w(a)?
2, 31
Let r(s) = -2*s**2 - 15*s - 14. Let g be r(-6). Suppose 7039 = g*a + u, -6*a = 6*u - 5*u - 10559. List the prime factors of a.
2, 5, 11
Let f = 23580 + 3613. List the prime factors of f.
71, 383
Let o = 917 - -3515. What are the prime factors of o?
2, 277
Let p(f) = f**3 - 9*f + 4*f + 18*f**2 - 13 - 5*f. Let d be p(-15). Suppose 6*b - 148 = d. What are the prime factors of b?
2, 5
Let q(s) = -133*s + 5670. List the prime factors of q(15).
3, 5, 7
Let m be ((-80)/(-25))/((-4)/30). Let w be (-10)/(-4)*m/(-30). List the prime factors of (-22)/22*(0 + -177 - w).
179
Let y(d) = 461*d + 166. Let n be y(6). Suppose 0 = 12*w - 452 - n. What are the prime factors of w?
2, 3, 47
What are the prime factors of (15386 + 1)/(50 + -27 + -22)?
3, 23, 223
Let v(f) = f**3 + 30*f**2 - 35*f - 40. Let k be v(-31). What are the prime factors of 1944/k*84/9?
2, 3
Let u(z) = -z + 1. Let n(x) = 4*x + 21. Let c(p) = n(p) + 2*u(p). Let y be c(-10). List the prime factors of 124/2*y/6.
31
Suppose 88 = -2*a + 4*m, -3*a = m + 87 + 73. Let v = 49 + a. What are the prime factors of v*2/(36/489)*-2?
163
What are the prime factors of -2*(-22)/(-4)*(-334 + 57)?
11, 277
Let p(y) = -y**3 + 11*y**2 + 14*y - 43. Let h be p(12). List the prime factors of (10 - h)/((-1)/(-7)).
7, 29
Suppose 5*w + 45 - 10 = 0. Let m(g) = -2*g**3 - 4*g**2 + g - 17. List the prime factors of m(w).
2, 233
Let l(t) = -4*t + t**2 + 4*t + 68 - 74 - 9*t. Let m be l(-9). Let z = m + -47. List the prime factors of z.
109
Let h(a) = 3*a**2 - 20*a + 22. Suppose l - 4*s = -12, 8*l - 3*l - 5*s = 15. List the prime factors of h(l).
2, 3
Let i(c) = 4*c**2 + 4*c - 10. Let u be 160/(-16) + (1 - 1). Let k be i(u). Suppose -b + y = -70, 2*b + y - k = -3*b. List the prime factors of b.
2, 5, 7
Suppose 772804 + 166461 = 19*s. List the prime factors of s.
5, 9887
Let d(q) = -q**3 - 9*q**2 + 11*q + 7. Let y be d(-10). Let w(u) = u**3 + 4*u**2 - 6*u - 9. Let j be w(y). Suppose 5*z - j = 7. List the prime factors of z.
5
Let o(w) = -w**2 + 12*w - 15. Let j be o(10). Suppose -1 = r - j. Suppose 5*m - t = -r*t + 421, 4*m + 2*t = 336. What are the prime factors of m?
83
Let q(y) be the second derivative of y**3/6 + 24*y. Let h(i) = -15*i + 6. Let z(u) = h(u) + 12*q(u). What are the prime factors of z(-20)?
2, 3, 11
Let p(l) = 31*l**2 - 16*l + 33. Let n be p(5). Let i = n + -180. What are the prime factors of i?
2, 137
Suppose t + 403 = -5*u - 2*t, t + 321 = -4*u. Let f = u + 436. List the prime factors of f.
2, 89
Suppose -37 = 4*d + 147. Let y = d - -78. List the prime factors of (-13)/(52/y)*(-31)/4.
2, 31
Let m(c) = c**2 - 4*c + 5. Let v be m(6). Suppose v - 26 = -3*n. Suppose -5*s + y + 90 = -3*s, -n*y = 4*s - 170. List the prime factors of s.
2, 11
Suppose 3*m = -2*b + 11680, -4*b - 7792 = -20*m + 18*m. What are the prime factors of m?
2, 3, 11, 59
Let p(q) be the third derivative of 4*q**5/15 - 5*q**4/8 + 37*q**3/3 - 201*q**2. What are the prime factors of p(7)?
3, 251
Let p(d) = -9*d + 64. Let f be p(5). Suppose 6*g + f*g = 14425. What are the prime factors of g?
577
Let m(b) = -2*b**2 + 19*b + 8. Let n be m(9). Suppose s + n = 3*f, -3*s = 3*f + 12 + 3. Let o = 12 + s. List the prime factors of o.
2
Let q(g) = 3*g**2 + 2*g - 21. Let s be q(-3). What are the prime factors of (15 + s)*(-166)/(-6)?
5, 83
Let n = -18358 - -26548. List the prime factors of n.
2, 3, 5, 7, 13
What are the prime factors of -15569*((-2)/1 - -1)?
15569
Let v(g) = 2*g**3 - 6*g**2 - 3*g + 9. Let c be v(1). Let i = -1 + 1. Suppose -z + c*f = -72, 2*f = 3*z - i*z - 200. What are the prime factors of z?
2
Let o = 4681 + 63. List the prime factors of o.
2, 593
Suppose -5*x + 2*m + 8593 = 0, -3*x + 5*x - 5*m = 3454. Let c = x - 1154. List the prime factors of c.
563
Let u(h) = 2*h + 19. Let t be u(-7). Suppose t*r - 16*r + 1166 = 0. What are the prime factors of r?
2, 53
Let w be 1*0*(1 - 3)/(-4). Suppose 7*c - 2664 - 8473 = w. What are the prime factors of c?
37, 43
Suppose 0*f = -18*f + 61776. List the prime factors of f.
2, 3, 11, 13
Let j = -2210 + 1045. List the prime factors of ((-36)/(-90))/(-1 - 1166/j).
2, 233
Suppose 0 = 2*x + 3*u + 3, 3*u - 6 = 3*x + 8*u. Suppose 3*z + 24 = x*k, 0 = 4*z - 9*z - 15. Suppose 152 = k*j - 88. What are the prime factors of j?
2, 3
Suppose 0 = 23*b + 51 - 5. Let z(k) = -19*k**3 - 3*k**2 + 3*k + 10. List the prime factors of z(b).
2, 3
Suppose -39*y + 424 + 955 = -32*y. What are the prime factors of y?
197
Let j = -36 + 68. Suppose -j = -3*f - 17. Suppose -3*m = f*b - 0*b - 824, 3*m + 6 = 0. List the prime factors of b.
2, 83
Suppose -117*s = -118*s + 61092. List the prime factors of (s/(-10))/(-9) + (-4)/5.
2, 3, 113
Let q = -165 - -4295. List the prime factors of q.
2, 5, 7, 59
Let w be -6*(-8)/72 - 62/(-6). Let p(v) = 3*v**2 + 13*v - 23. What are the prime factors of p(w)?
3, 7, 23
Let u = 2515 - 1731. Let m = u + -730. List the prime factors of m.
2, 3
Let b = 7504 + 10429. What are the prime factors of b?
79, 227
Let o be (4/(-10))/((-12)/90) + -3. Let a be (-1 + -4)*36/(-10). Suppose -11*l + 8*l + a = o. List the prime factors of l.
2, 3
Let m = 4 - 1. Suppose -m*q - 9 = -0*s - 3*s, -15 = -5*s + 3*q. Suppose -g - 15 - 293 = -s*c, 3*g - 532 = -5*c. What are the prime factors of c?
2, 13
Let h(b) = -2*b**3 - 4*b**2 - 4*b - 2. Let i be h(-2). Suppose -8397 + 2523 = -i*l. Suppose l = 8*q + 203. List the prime factors of q.
97
Let m = 1374 + -255. Suppose 12*h = 15*h - m. List the prime factors of h.
373
Suppose 0 = 191*p - 225001 - 415040. List the prime factors of p.
